What is the hundred thousands digit of 7328372?
3
What is the units digit of 471486?
6
What is the hundred thousands digit of 8429128?
4
What is the units digit of 16880531?
1
What is the hundred thousands digit of 2437088?
4
What is the hundred thousands digit of 1478795?
4
What is the ten thousands digit of 1676077?
7
What is the hundred thousands digit of 545013?
5
What is the thousands digit of 574372?
4
What is the thousands digit of 911508?
1
What is the ten millions digit of 17898472?
1
What is the millions digit of 5409941?
5
What is the hundred thousands digit of 8356612?
3
What is the hundreds digit of 3632547?
5
What is the thousands digit of 1698258?
8
What is the units digit of 1667363?
3
What is the hundreds digit of 1056812?
8
What is the ten thousands digit of 16116?
1
What is the ten thousands digit of 1242431?
4
What is the units digit of 1114862?
2
What is the ten thousands digit of 5650924?
5
What is the tens digit of 467214?
1
What is the tens digit of 74622?
2
What is the units digit of 361290?
0
What is the ten thousands digit of 667756?
6
What is the thousands digit of 2371174?
1
What is the units digit of 385975?
5
What is the ten thousands digit of 347696?
4
What is the tens digit of 250070?
7
What is the hundreds digit of 151310?
3
What is the hundreds digit of 2922550?
5
What is the hundred thousands digit of 5847257?
8
What is the tens digit of 114937?
3
What is the thousands digit of 607668?
7
What is the ten millions digit of 13310377?
1
What is the hundred thousands digit of 3619635?
6
What is the millions digit of 2332668?
2
What is the hundreds digit of 26851?
8
What is the millions digit of 1994866?
1
What is the hundred thousands digit of 162084?
1
What is the tens digit of 499149?
4
What is the tens digit of 33031?
3
What is the tens digit of 1365575?
7
What is the hundred thousands digit of 6271215?
2
What is the units digit of 639742?
2
What is the units digit of 194736?
6
What is the tens digit of 567152?
5
What is the hundred thousands digit of 870531?
8
What is the units digit of 644856?
6
What is the ten millions digit of 18577429?
1
What is the thousands digit of 19964275?
4
What is the thousands digit of 698070?
8
What is the thousands digit of 47651?
7
What is the units digit of 201248?
8
What is the ten thousands digit of 8870920?
7
What is the units digit of 2091350?
0
What is the tens digit of 558135?
3
What is the tens digit of 339442?
4
What is the thousands digit of 14022535?
2
What is the tens digit of 553527?
2
What is the units digit of 80656?
6
What is the millions digit of 18550984?
8
What is the hundreds digit of 130361?
3
What is the hundreds digit of 251574?
5
What is the units digit of 183618?
8
What is the hundred thousands digit of 3664113?
6
What is the hundred thousands digit of 11546846?
5
What is the millions digit of 8349488?
8
What is the thousands digit of 98153?
8
What is the units digit of 811102?
2
What is the tens digit of 69626?
2
What is the hundred thousands digit of 2381529?
3
What is the ten thousands digit of 448593?
4
What is the ten thousands digit of 40925069?
2
What is the millions digit of 9061617?
9
What is the thousands digit of 1272746?
2
What is the hundreds digit of 492686?
6
What is the millions digit of 6732298?
6
What is the tens digit of 110042?
4
What is the tens digit of 615771?
7
What is the units digit of 3953030?
0
What is the millions digit of 18386992?
8
What is the thousands digit of 2289006?
9
What is the ten thousands digit of 3357150?
5
What is the hundreds digit of 7017367?
3
What is the thousands digit of 573950?
3
What is the thousands digit of 147563?
7
What is the hundreds digit of 3142335?
3
What is the units digit of 43132?
2
What is the thousands digit of 195715?
5
What is the units digit of 1229262?
2
What is the hundred thousands digit of 141134?
1
What is the hundreds digit of 3606817?
8
What is the hundred thousands digit of 889221?
8
What is the tens digit of 108223?
2
What is the ten thousands digit of 880339?
8
What is the hundred thousands digit of 221691?
2
What is the tens digit of 9541705?
0
What is the hundred thousands digit of 6577815?
5
What is the hundred thousands digit of 879522?
8
What is the ten thousands digit of 252602?
5
What is the units digit of 4091885?
5
What is the hundreds digit of 1687956?
9
What is the hundreds digit of 243698?
6
What is the tens digit of 1810634?
3
What is the thousands digit of 104375?
4
What is the hundreds digit of 7914988?
9
What is the hundred thousands digit of 598011?
5
What is the tens digit of 328365?
6
What is the hundreds digit of 1135534?
5
What is the thousands digit of 6591835?
1
What is the ten thousands digit of 5917646?
1
What is the hundred thousands digit of 2936453?
9
What is the ten thousands digit of 512493?
1
What is the hundreds digit of 149564?
5
What is the millions digit of 4758498?
4
What is the ten thousands digit of 2726479?
2
What is the ten thousands digit of 2737071?
3
What is the thousands digit of 867910?
7
What is the thousands digit of 260837?
0
What is the millions digit of 3317475?
3
What is the tens digit of 4102666?
6
What is the thousands digit of 1731188?
1
What is the ten thousands digit of 12879?
1
What is the ten thousands digit of 9845456?
4
What is the units digit of 284904?
4
What is the hundreds digit of 4764694?
6
What is the hundred thousands digit of 1211216?
2
What is the hundreds digit of 12949073?
0
What is the hundred thousands digit of 6609952?
6
What is the units digit of 86799?
9
What is the millions digit of 3812838?
3
What is the hundred thousands digit of 15903087?
9
What is the hundreds digit of 252062?
0
What is the ten thousands digit of 306917?
0
What is the units digit of 6769582?
2
What is the hundreds digit of 196642?
6
What is the tens digit of 1430924?
2
What is the units digit of 40398?
8
What is the hundreds digit of 12658731?
7
What is the hundred thousands digit of 175655?
1
What is the ten thousands digit of 848170?
4
What is the thousands digit of 248165?
8
What is the units digit of 280726?
6
What is the hundreds digit of 350324?
3
What is the hundreds digit of 375139?
1
What is the tens digit of 23860?
6
What is the thousands digit of 347549?
7
What is the ten thousands digit of 621598?
2
What is the ten thousands digit of 1595398?
9
What is the thousands digit of 22251269?
1
What is the hundreds digit of 951601?
6
What is the hundreds digit of 6142945?
9
What is the thousands digit of 4479249?
9
What is the millions digit of 9028688?
9
What is the tens digit of 4348010?
1
What is the thousands digit of 67298?
7
What is the thousands digit of 4945564?
5
What is the thousands digit of 806616?
6
What is the units digit of 463292?
2
What is the hundreds digit of 2227213?
2
What is the ten thousands digit of 529345?
2
What is the hundred thousands digit of 5038353?
0
What is the thousands digit of 111864?
1
What is the ten thousands digit of 98396?
9
What is the ten thousands digit of 19189838?
8
What is the hundreds digit of 2832563?
5
What is the millions digit of 2458249?
2
What is the thousands digit of 597113?
7
What is the hundred thousands digit of 6534060?
5
What is the hundreds digit of 772873?
8
What is the tens digit of 21879404?
0
What is the tens digit of 841483?
8
What is the ten thousands digit of 99967?
9
What is the hundred thousands digit of 154951?
1
What is the thousands digit of 968351?
8
What is the hundred thousands digit of 295540?
2
What is the hundreds digit of 85271?
2
What is the hundreds digit of 13936796?
7
What is the ten thousands digit of 14830039?
3
What is the units digit of 1804555?
5
What is the thousands digit of 10263424?
3
What is the units digit of 118380?
0
What is the units digit of 30030189?
9
What is the ten thousands digit of 2268524?
6
What is the thousands digit of 202518?
2
What is the units digit of 63704?
4
What is the hundreds digit of 300423?
4
What is the units digit of 8642735?
5
What is the units digit of 9060807?
7
What is the tens digit of 2317460?
6
What is the hundreds digit of 2446686?
6
What is the ten thousands digit of 165894?
6
What is the hundreds digit of 4328800?
8
What is the hundred thousands digit of 10370075?
3
What is the thousands d